{"id":5173,"date":"2024-10-26T00:41:26","date_gmt":"2024-10-26T00:41:26","guid":{"rendered":"https:\/\/devwaymaroc.com\/?post_type=product&#038;p=5173"},"modified":"2024-10-26T00:41:26","modified_gmt":"2024-10-26T00:41:26","slug":"pc-portable-gamer-erazer-crawler-e30e-i5","status":"publish","type":"product","link":"https:\/\/devwaymaroc.com\/?product=pc-portable-gamer-erazer-crawler-e30e-i5","title":{"rendered":"Pc portable Gamer ERAZER CRAWLER E30e i5"},"content":{"rendered":"<div class=\"elementor-element elementor-element-5a73b851 elementor-widget elementor-widget-heading\" data-id=\"5a73b851\" data-element_type=\"widget\" data-widget_type=\"heading.default\">\n<div class=\"elementor-widget-container\">\n<h2 class=\"elementor-heading-title elementor-size-default\">Caract\u00e9ristiques :<\/h2>\n<\/div>\n<\/div>\n<div class=\"elementor-element elementor-element-54008970 elementor-widget elementor-widget-text-editor\" data-id=\"54008970\" data-element_type=\"widget\" data-widget_type=\"text-editor.default\">\n<div class=\"elementor-widget-container\">\n<ul>\n<li><strong>Processeur Intel Core i5-12450H<\/strong>\u00a0(3.3 GHz \u2013 4.4 GHz , 8C\/)12T<\/li>\n<li>\u00c9cran de 15.6 pouces avec\u00a0r\u00e9solution<strong>\u00a0Full HD\u00a0<\/strong>(1920 x 1080 pixels)<\/li>\n<li><strong>Dalle de niveau IPS<\/strong>\u00a0: couleurs lumineuses et angles de vision larges<\/li>\n<li>Image ultra-fluide<strong><br \/>\n<\/strong><\/li>\n<li><b>32 Go\u00a0<\/b>\u00a0de m\u00e9moire DDR4 (Up To 64Go)<\/li>\n<li>\u00a0<strong>NVIDIA GeForce RTX 2050<\/strong>\u00a0avec 4 Go de m\u00e9moire d\u00e9di\u00e9e GDDR6<\/li>\n<li><strong>SSD M.2 PCIe de 512 Go NVMe<\/strong><\/li>\n<li>Clavier\u00a0<strong>AZERTY<\/strong>\u00a0r\u00e9tro\u00e9clair\u00e9<\/li>\n<li>1x USB 2.0. 1x USB 3.2 Gen. 1 Type A. 1x USB 3.2 Gen. 2 Type C. 1x HDMI 2.1. 1x Display Port 1.4. 1x mini Display Port 1.4. 1x sortie casque combo (audio &amp; micro). 1x entr\u00e9e microphone. 1x RJ45.<\/li>\n<li>Communication sans fil fiable et performante\u00a0<strong>Wi-Fi 6E<\/strong>\u00a0+<strong>\u00a0Bluetooth 5.2<\/strong><\/li>\n<li><strong>Webcam<\/strong>\u00a0HD\u00a0<strong>720P<\/strong><\/li>\n<li>Adaptateur d\u2019alimentation 120 W<\/li>\n<\/ul>\n<ul>\n<li><b>Batterie<\/b>\u00a0Li-ion, 3<b>\u00a0cellules<\/b>, , 53WHr<\/li>\n<li>Garantie\u00a0<strong>1 an<\/strong><\/li>\n<li>OS :\u00a0<strong>\u00a0Windows 11\u00a0 64 Bits<\/strong><\/li>\n<\/ul>\n<\/div>\n<\/div>\n","protected":false},"excerpt":{"rendered":"<div class=\"elementor-element elementor-element-5a73b851 elementor-widget elementor-widget-heading\" data-id=\"5a73b851\" data-element_type=\"widget\" data-widget_type=\"heading.default\">\n<div class=\"elementor-widget-container\">\n<h2 class=\"elementor-heading-title elementor-size-default\">Caract\u00e9ristiques :<\/h2>\n<\/div>\n<\/div>\n<div class=\"elementor-element elementor-element-54008970 elementor-widget elementor-widget-text-editor\" data-id=\"54008970\" data-element_type=\"widget\" data-widget_type=\"text-editor.default\">\n<div class=\"elementor-widget-container\">\n<ul>\n<li><strong>Processeur Intel Core i5-12450H<\/strong>\u00a0(3.3 GHz \u2013 4.4 GHz , 8C\/)12T<\/li>\n<li>\u00c9cran de 15.6 pouces avec\u00a0r\u00e9solution<strong>\u00a0Full HD\u00a0<\/strong>(1920 x 1080 pixels)<\/li>\n<li><strong>Dalle de niveau IPS<\/strong>\u00a0: couleurs lumineuses et angles de vision larges<\/li>\n<li>Image ultra-fluide<strong><br \/>\n<\/strong><\/li>\n<li><b>32 Go\u00a0<\/b>\u00a0de m\u00e9moire DDR4 (Up To 64Go)<\/li>\n<li>\u00a0<strong>NVIDIA GeForce RTX 2050<\/strong>\u00a0avec 4 Go de m\u00e9moire d\u00e9di\u00e9e GDDR6<\/li>\n<li><strong>SSD M.2 PCIe de 512 Go NVMe<\/strong><\/li>\n<li>Clavier\u00a0<strong>AZERTY<\/strong>\u00a0r\u00e9tro\u00e9clair\u00e9<\/li>\n<li>1x USB 2.0. 1x USB 3.2 Gen. 1 Type A. 1x USB 3.2 Gen. 2 Type C. 1x HDMI 2.1. 1x Display Port 1.4. 1x mini Display Port 1.4. 1x sortie casque combo (audio &amp; micro). 1x entr\u00e9e microphone. 1x RJ45.<\/li>\n<li>Communication sans fil fiable et performante\u00a0<strong>Wi-Fi 6E<\/strong>\u00a0+<strong>\u00a0Bluetooth 5.2<\/strong><\/li>\n<li><strong>Webcam<\/strong>\u00a0HD\u00a0<strong>720P<\/strong><\/li>\n<li>Adaptateur d\u2019alimentation 120 W<\/li>\n<\/ul>\n<ul>\n<li><b>Batterie<\/b>\u00a0Li-ion, 3<b>\u00a0cellules<\/b>, , 53WHr<\/li>\n<li>Garantie\u00a0<strong>1 an<\/strong><\/li>\n<li>OS :\u00a0<strong>\u00a0Windows 11\u00a0 64 Bits<\/strong><\/li>\n<\/ul>\n<\/div>\n<\/div>\n","protected":false},"featured_media":5174,"comment_status":"open","ping_status":"closed","template":"","meta":[],"product_cat":[194,300],"product_tag":[],"jetpack_sharing_enabled":true,"_links":{"self":[{"href":"https:\/\/devwaymaroc.com\/index.php?rest_route=\/wp\/v2\/product\/5173"}],"collection":[{"href":"https:\/\/devwaymaroc.com\/index.php?rest_route=\/wp\/v2\/product"}],"about":[{"href":"https:\/\/devwaymaroc.com\/index.php?rest_route=\/wp\/v2\/types\/product"}],"replies":[{"embeddable":true,"href":"https:\/\/devwaymaroc.com\/index.php?rest_route=%2Fwp%2Fv2%2Fcomments&post=5173"}],"version-history":[{"count":1,"href":"https:\/\/devwaymaroc.com\/index.php?rest_route=\/wp\/v2\/product\/5173\/revisions"}],"predecessor-version":[{"id":5179,"href":"https:\/\/devwaymaroc.com\/index.php?rest_route=\/wp\/v2\/product\/5173\/revisions\/5179"}],"wp:featuredmedia":[{"embeddable":true,"href":"https:\/\/devwaymaroc.com\/index.php?rest_route=\/wp\/v2\/media\/5174"}],"wp:attachment":[{"href":"https:\/\/devwaymaroc.com\/index.php?rest_route=%2Fwp%2Fv2%2Fmedia&parent=5173"}],"wp:term":[{"taxonomy":"product_cat","embeddable":true,"href":"https:\/\/devwaymaroc.com\/index.php?rest_route=%2Fwp%2Fv2%2Fproduct_cat&post=5173"},{"taxonomy":"product_tag","embeddable":true,"href":"https:\/\/devwaymaroc.com\/index.php?rest_route=%2Fwp%2Fv2%2Fproduct_tag&post=5173"}],"curies":[{"name":"wp","href":"https:\/\/api.w.org\/{rel}","templated":true}]}}