{"id":5156,"date":"2024-10-21T13:37:38","date_gmt":"2024-10-21T13:37:38","guid":{"rendered":"https:\/\/devwaymaroc.com\/?post_type=product&#038;p=5156"},"modified":"2024-10-21T13:37:38","modified_gmt":"2024-10-21T13:37:38","slug":"pc-portable-hp-elitebook-840-g7-16go-1j5y0ea","status":"publish","type":"product","link":"https:\/\/devwaymaroc.com\/?product=pc-portable-hp-elitebook-840-g7-16go-1j5y0ea","title":{"rendered":"Pc Portable HP ELITEBOOK 840 G7 16Go (1J5Y0EA)"},"content":{"rendered":"<table id=\"sylius-product-attributes\" class=\"table border-bottom\">\n<tbody>\n<tr>\n<td class=\"text-dark sylius-product-attribute-name\"><strong>Marque<\/strong><\/td>\n<td class=\"sylius-product-attribute-value\">HP<\/td>\n<\/tr>\n<tr>\n<td class=\"text-dark sylius-product-attribute-name\"><strong>processeur<\/strong><\/td>\n<td class=\"sylius-product-attribute-value\">intel Core i5-10310U ( 1.70 GHz up to 4.40 GHz, 4C\/8T C\u0153urs,6Mo Cache)<\/td>\n<\/tr>\n<tr>\n<td class=\"text-dark sylius-product-attribute-name\"><strong>RAM<\/strong><\/td>\n<td class=\"sylius-product-attribute-value\">16 Go DDR4 (max prise en charge 32 Go)<\/td>\n<\/tr>\n<tr>\n<td class=\"text-dark sylius-product-attribute-name\"><strong>Stockage<\/strong><\/td>\n<td class=\"sylius-product-attribute-value\">256 Go SSD<\/td>\n<\/tr>\n<tr>\n<td class=\"text-dark sylius-product-attribute-name\"><strong>Carte Graphique<\/strong><\/td>\n<td class=\"sylius-product-attribute-value\">Intel UHD Graphics 620<\/td>\n<\/tr>\n<tr>\n<td class=\"text-dark sylius-product-attribute-name\"><strong>Taille De L&#8217;\u00e9cran<\/strong><\/td>\n<td class=\"sylius-product-attribute-value\">14 pouces<\/td>\n<\/tr>\n<\/tbody>\n<\/table>\n","protected":false},"excerpt":{"rendered":"<ul>\n<li>Nom :\u00a0HP EliteBook 840 G7<\/li>\n<li>Processeur :\u00a0Intel Core i5-10310U\u00a0@ 1.70 GHz \u00a0(10\u00e8me g\u00e9n\u00e9ration)<\/li>\n<li>( 4 Coeurs \/ 8 Threads )<\/li>\n<li>Vitesse maximale en mode Turbo :@\u00a04.40 GHz<\/li>\n<li>RAM :\u00a016Go DDR4<\/li>\n<li>Disque Dur :\u00a0256 Go SSD NVMe<\/li>\n<li>\u00c9cran :\u00a0IPS\u00a014\u2033 Full HD<\/li>\n<li>Carte Graphique\u00a0 :\u00a0Graphiques UHD Intel\u00ae pour processeurs Intel\u00ae Core\u2122 de 10\u1d49 g\u00e9n\u00e9ration<\/li>\n<li>OS :\u00a0Windows 10 Pro 64bit<\/li>\n<li>Webcam int\u00e9gr\u00e9e :\u00a0oui HD<\/li>\n<li>Son : Haut-parleurs st\u00e9r\u00e9o , microphone st\u00e9r\u00e9o<\/li>\n<li>Sans fil : WiFi \/ Bluetooth 4.0<\/li>\n<li>Interface r\u00e9seau : Gigabit Ethernet<\/li>\n<li>Ports:\u00a02\u00a0USB 3.1 Gen 1\u00a0(charge)\u00a0 \u00a6 2 \u00a0USB-C\/Thunderbolt\u00a0\u00a6\u00a0\u00a0Prise combo casque\/microphone\u00a0\u00a0\u00a6\u00a0HDMI 1.4\u00a0\u00a6\u00a0 Lecteur de carte m\u00e9moire ( carte SD, MultiMediaCard, carte SDHC, carte SDXC).<\/li>\n<\/ul>\n","protected":false},"featured_media":5159,"comment_status":"open","ping_status":"closed","template":"","meta":[],"product_cat":[194],"product_tag":[],"jetpack_sharing_enabled":true,"_links":{"self":[{"href":"https:\/\/devwaymaroc.com\/index.php?rest_route=\/wp\/v2\/product\/5156"}],"collection":[{"href":"https:\/\/devwaymaroc.com\/index.php?rest_route=\/wp\/v2\/product"}],"about":[{"href":"https:\/\/devwaymaroc.com\/index.php?rest_route=\/wp\/v2\/types\/product"}],"replies":[{"embeddable":true,"href":"https:\/\/devwaymaroc.com\/index.php?rest_route=%2Fwp%2Fv2%2Fcomments&post=5156"}],"version-history":[{"count":1,"href":"https:\/\/devwaymaroc.com\/index.php?rest_route=\/wp\/v2\/product\/5156\/revisions"}],"predecessor-version":[{"id":5160,"href":"https:\/\/devwaymaroc.com\/index.php?rest_route=\/wp\/v2\/product\/5156\/revisions\/5160"}],"wp:featuredmedia":[{"embeddable":true,"href":"https:\/\/devwaymaroc.com\/index.php?rest_route=\/wp\/v2\/media\/5159"}],"wp:attachment":[{"href":"https:\/\/devwaymaroc.com\/index.php?rest_route=%2Fwp%2Fv2%2Fmedia&parent=5156"}],"wp:term":[{"taxonomy":"product_cat","embeddable":true,"href":"https:\/\/devwaymaroc.com\/index.php?rest_route=%2Fwp%2Fv2%2Fproduct_cat&post=5156"},{"taxonomy":"product_tag","embeddable":true,"href":"https:\/\/devwaymaroc.com\/index.php?rest_route=%2Fwp%2Fv2%2Fproduct_tag&post=5156"}],"curies":[{"name":"wp","href":"https:\/\/api.w.org\/{rel}","templated":true}]}}