{"id":5017,"date":"2024-05-30T11:52:10","date_gmt":"2024-05-30T11:52:10","guid":{"rendered":"https:\/\/devwaymaroc.com\/?post_type=product&#038;p=5017"},"modified":"2024-06-04T17:55:40","modified_gmt":"2024-06-04T17:55:40","slug":"canon-ink-tank-pixma-g3410-mfp-3en1-reseau-wifi-black-9ppm-color-5ppmlcd-12cm-usb-a4-24m","status":"publish","type":"product","link":"https:\/\/devwaymaroc.com\/?product=canon-ink-tank-pixma-g3410-mfp-3en1-reseau-wifi-black-9ppm-color-5ppmlcd-12cm-usb-a4-24m","title":{"rendered":"Canon Ink tank PIXMA G3410 MFP 3en1 R\u00e9seau Wifi Black 9ppm\/color 5ppm,LCD 1,2cm, USB, A4  24M"},"content":{"rendered":"<p><label class=\"label ref_span\">R\u00e9f\u00e9rence<\/label>\u00a02315C009AB<\/p>\n<p>Impression, copie et scan<br \/>\nGI-490\u00a0GI-490\u00a0GI-490\u00a0GI-490<br \/>\nVitesse d&#8217;impression noir: 16,4 pages\/min (8,8 images\/min) en norme ISO<br \/>\nVitesse d&#8217;impression couleur: 12,8 pages\/min (5 images\/min) en norme ISO<br \/>\nQualit\u00e9 d&#8217;impression noire: Jusqu&#8217;\u00e0 4800 \u00d7 1200 DPI (ppp)<br \/>\nQualit\u00e9 d&#8217;impression couleur: Jusqu&#8217;\u00e0 4800 \u00d7 1200 DPI (ppp)<br \/>\n<a href=\"https:\/\/www.iris.ma\/catalogue\/imprimante-laser-recto-verso-automatique\">Impression recto\/verso<\/a>: Manuelle<br \/>\nFonctionne avec: 4 Cartouches (noir, cyan, magenta, jaune)<br \/>\nConnectivit\u00e9: Hi-Speed USB (B Port), Wi-Fi<\/p>\n","protected":false},"excerpt":{"rendered":"<p>R\u00e9f\u00e9rence\u00a02315C009AB Impression, copie et scan GI-490\u00a0GI-490\u00a0GI-490\u00a0GI-490 Vitesse d&#8217;impression noir: 16,4 pages\/min (8,8 images\/min) en norme ISO Vitesse d&#8217;impression couleur: 12,8 pages\/min (5 images\/min) en norme ISO Qualit\u00e9 d&#8217;impression noire: Jusqu&#8217;\u00e0 4800 \u00d7 1200 DPI (ppp) Qualit\u00e9 d&#8217;impression couleur: Jusqu&#8217;\u00e0 4800 \u00d7 1200 DPI (ppp) Impression recto\/verso: Manuelle Fonctionne avec: 4 Cartouches (noir, cyan, magenta, jaune)<\/p>\n<div class=\"klb-readmore button\"><a class=\"btn link\" href=\"https:\/\/devwaymaroc.com\/?product=canon-ink-tank-pixma-g3410-mfp-3en1-reseau-wifi-black-9ppm-color-5ppmlcd-12cm-usb-a4-24m\">Read More <i class=\"klbth-icon-right-arrow\"><\/i><\/a><\/div>\n","protected":false},"featured_media":5020,"comment_status":"open","ping_status":"closed","template":"","meta":[],"product_cat":[212,215,214],"product_tag":[],"jetpack_sharing_enabled":true,"_links":{"self":[{"href":"https:\/\/devwaymaroc.com\/index.php?rest_route=\/wp\/v2\/product\/5017"}],"collection":[{"href":"https:\/\/devwaymaroc.com\/index.php?rest_route=\/wp\/v2\/product"}],"about":[{"href":"https:\/\/devwaymaroc.com\/index.php?rest_route=\/wp\/v2\/types\/product"}],"replies":[{"embeddable":true,"href":"https:\/\/devwaymaroc.com\/index.php?rest_route=%2Fwp%2Fv2%2Fcomments&post=5017"}],"version-history":[{"count":1,"href":"https:\/\/devwaymaroc.com\/index.php?rest_route=\/wp\/v2\/product\/5017\/revisions"}],"predecessor-version":[{"id":5021,"href":"https:\/\/devwaymaroc.com\/index.php?rest_route=\/wp\/v2\/product\/5017\/revisions\/5021"}],"wp:featuredmedia":[{"embeddable":true,"href":"https:\/\/devwaymaroc.com\/index.php?rest_route=\/wp\/v2\/media\/5020"}],"wp:attachment":[{"href":"https:\/\/devwaymaroc.com\/index.php?rest_route=%2Fwp%2Fv2%2Fmedia&parent=5017"}],"wp:term":[{"taxonomy":"product_cat","embeddable":true,"href":"https:\/\/devwaymaroc.com\/index.php?rest_route=%2Fwp%2Fv2%2Fproduct_cat&post=5017"},{"taxonomy":"product_tag","embeddable":true,"href":"https:\/\/devwaymaroc.com\/index.php?rest_route=%2Fwp%2Fv2%2Fproduct_tag&post=5017"}],"curies":[{"name":"wp","href":"https:\/\/api.w.org\/{rel}","templated":true}]}}