{"id":4925,"date":"2024-05-05T15:19:27","date_gmt":"2024-05-05T15:19:27","guid":{"rendered":"https:\/\/devwaymaroc.com\/?post_type=product&#038;p=4925"},"modified":"2024-05-05T15:19:27","modified_gmt":"2024-05-05T15:19:27","slug":"oray-ecran-mural-manuel-cineflex-180x180","status":"publish","type":"product","link":"https:\/\/devwaymaroc.com\/?product=oray-ecran-mural-manuel-cineflex-180x180","title":{"rendered":"Oray Ecran Mural Manuel CINEFLEX 180X180"},"content":{"rendered":"<ul>\n<li><span class=\"pro_extra_info_label\">R\u00e9f\u00e9rence:\u00a0 \u00a0 \u00a0<\/span>MPP01B1180180<\/li>\n<li>L\u2019\u00e9cran mural ORAY Cineflex a l\u2019avantage de rester discret dans votre salle de projection, une fixation simple au mur ou au plafond permettant un encastrement dans un caisson, ce qui le rend plus adapt\u00e9 \u00e0 vos besoins de projection. Sa toile blanc mat dissimul\u00e9e sous un carter en t\u00f4le d\u2019acier blanc laqu\u00e9 le rend presque invisible mais pendant son utilisation, l\u2019ORAY Cin\u00e9flex offre un confort visuel incroyable avec ses dimensions de 180 x 180 cm, son format 1,1 et sa surface impressionnante, sans oublier son \u00e9cran manuel abordable \u00e0 la finition raffin\u00e9e.<\/li>\n<\/ul>\n","protected":false},"excerpt":{"rendered":"<p>R\u00e9f\u00e9rence:\u00a0 \u00a0 \u00a0MPP01B1180180 L\u2019\u00e9cran mural ORAY Cineflex a l\u2019avantage de rester discret dans votre salle de projection, une fixation simple au mur ou au plafond permettant un encastrement dans un caisson, ce qui le rend plus adapt\u00e9 \u00e0 vos besoins de projection. Sa toile blanc mat dissimul\u00e9e sous un carter en t\u00f4le d\u2019acier blanc laqu\u00e9<\/p>\n<div class=\"klb-readmore button\"><a class=\"btn link\" href=\"https:\/\/devwaymaroc.com\/?product=oray-ecran-mural-manuel-cineflex-180x180\">Read More <i class=\"klbth-icon-right-arrow\"><\/i><\/a><\/div>\n","protected":false},"featured_media":4928,"comment_status":"open","ping_status":"closed","template":"","meta":[],"product_cat":[208,206],"product_tag":[],"jetpack_sharing_enabled":true,"_links":{"self":[{"href":"https:\/\/devwaymaroc.com\/index.php?rest_route=\/wp\/v2\/product\/4925"}],"collection":[{"href":"https:\/\/devwaymaroc.com\/index.php?rest_route=\/wp\/v2\/product"}],"about":[{"href":"https:\/\/devwaymaroc.com\/index.php?rest_route=\/wp\/v2\/types\/product"}],"replies":[{"embeddable":true,"href":"https:\/\/devwaymaroc.com\/index.php?rest_route=%2Fwp%2Fv2%2Fcomments&post=4925"}],"version-history":[{"count":1,"href":"https:\/\/devwaymaroc.com\/index.php?rest_route=\/wp\/v2\/product\/4925\/revisions"}],"predecessor-version":[{"id":4929,"href":"https:\/\/devwaymaroc.com\/index.php?rest_route=\/wp\/v2\/product\/4925\/revisions\/4929"}],"wp:featuredmedia":[{"embeddable":true,"href":"https:\/\/devwaymaroc.com\/index.php?rest_route=\/wp\/v2\/media\/4928"}],"wp:attachment":[{"href":"https:\/\/devwaymaroc.com\/index.php?rest_route=%2Fwp%2Fv2%2Fmedia&parent=4925"}],"wp:term":[{"taxonomy":"product_cat","embeddable":true,"href":"https:\/\/devwaymaroc.com\/index.php?rest_route=%2Fwp%2Fv2%2Fproduct_cat&post=4925"},{"taxonomy":"product_tag","embeddable":true,"href":"https:\/\/devwaymaroc.com\/index.php?rest_route=%2Fwp%2Fv2%2Fproduct_tag&post=4925"}],"curies":[{"name":"wp","href":"https:\/\/api.w.org\/{rel}","templated":true}]}}